n factor of t and s.
13
Suppose 0 = 8*p + 5*p - 78. What is the greatest common divisor of p and 24?
6
Suppose 18*b - 26 = 17*b. What is the highest common divisor of b and 65?
13
Let c = 854 + -480. What is the highest common divisor of 34 and c?
34
Let h(b) = b**2 - 6*b - 2. Suppose 2 = -3*c - 4*p, -5*c + 0*p + 25 = p. Suppose c*s = 2*s + 32. Let k be h(s). Calculate the greatest common factor of k and 7.
7
Let f be -6*(-4)/(12/(-9)). Let w be (-2)/(-3) + (-384)/f. What is the greatest common divisor of 55 and w?
11
Suppose 5*k = 6*k + 1. Let t(l) = -9*l**3 - 2*l - 1. Let d be t(k). What is the greatest common factor of 20 and d?
10
Let b be 3/(1/(-4)*-1). Suppose -3*z = -2*z + 4*w - 112, -2*z = 3*w - 249. Calculate the greatest common factor of z and b.
12
Let w(s) = s**2 - 23*s + 28. Let i be w(22). Calculate the highest common factor of 6 and i.
6
Let s = 12 - 5. Let b(u) = u**3 - 6*u**2 + 8*u + 2. Let m be b(s). Let q be m/7 - 2/7. What is the greatest common factor of 105 and q?
15
Suppose 2*o - 3*l - 189 = -3*o, 0 = 3*o + l - 105. Let d = 178 + 2. What is the highest common factor of d and o?
36
Let a(o) = -o**2 - 6*o + 10. Let z be a(-7). Suppose 4*h = -2*b + 26, -5*b - 3*h + 38 = -2*h. Let j = z + b. What is the greatest common factor of 110 and j?
10
Suppose 93 = 3*r - 3*g, -r - g + 39 = -0*r. Let l be 6/(-4) + r/2. What is the highest common divisor of l and 32?
16
Let z be (-31)/5 - (-2)/10. Let g be 55/3 - (-2)/z. Let q be 2/(-7) - 1902/(-42). What is the highest common divisor of q and g?
9
Suppose 57 + 27 = 4*l. Calculate the highest common divisor of l and 3.
3
Let p be ((-2)/(-7))/(2/14). What is the highest common divisor of 22 and p?
2
Let i = 32 - -22. Suppose -4*u = -2*v - 2*v + 32, 2*u + 20 = 3*v. Suppose y + i = v*y. What is the greatest common factor of y and 2?
2
Suppose -9*p + 4*p = -3750. Suppose 0 = -8*b + 3*b + p. What is the highest common divisor of b and 25?
25
Let h = 41 - 36. What is the greatest common factor of 10 and h?
5
Let k(u) = -u**3 - u**2 + 10*u + 1. Let s be k(-5). What is the greatest common factor of s and 34?
17
Let t(n) = n**2 - n + 8. Let o(q) = -q**2 - 1. Let i(h) = -6*o(h) - t(h). Let c be i(-2). Calculate the greatest common divisor of 16 and c.
16
Let w = -202 + 207. Let k be (-1)/4 - (-81)/4. Calculate the greatest common factor of w and k.
5
Let h be (21/(-14))/(2/(-20)). What is the greatest common factor of 165 and h?
15
Let u(y) = -y**3 - y**2 + 1. Let c be u(-1). Let b = 2 + 0. Suppose -b*o + 4 = -2. What is the greatest common factor of c and o?
1
Suppose 0 = -3*r - l + 1, -r + 19 = 4*l + l. Let w = r - -3. Suppose w*n + 14 = 4*n. What is the highest common divisor of 14 and n?
7
Let c be (-510)/(-8) + 3/(-4). What is the highest common factor of c and 9?
9
Suppose 0*n + 8 = -2*n. Let s(i) = -3*i - 1. Let m be s(n). What is the highest common divisor of 22 and m?
11
Let v be 595/21 - (-2)/(-6). Calculate the greatest common factor of v and 308.
28
Let b be 2*(-22)/(-4) - (-3 - 1). What is the greatest common divisor of b and 21?
3
Let n = -2 - -13. Calculate the greatest common divisor of 22 and n.
11
Suppose 0 = u - 6*u + 35. Let y(q) = -q**3 + 7*q**2 + 3*q - 10. Let r be y(u). What is the highest common divisor of r and 11?
11
Suppose 6*n - 55 = n + 5*t, 5*n + 5*t - 5 = 0. Let l be (-2)/n - 13/(-3). Suppose -l*r + r = -3. Calculate the greatest common divisor of 1 and r.
1
Suppose 0 = -3*f + 301 + 23. Suppose 3*h + 4*v = 32, -4*v + 3 = -3*h + 43. Calculate the highest common divisor of h and f.
12
Suppose a = 3*a - 42. Let n = a - 15. What is the greatest common factor of 18 and n?
6
Let i = 19 + -8. Let q be ((-38)/1)/(4/(-22)). Let b = 308 - q. Calculate the greatest common factor of i and b.
11
Let f = 332 - 180. Suppose l = 5*z + 35, -5*l + 4*z + 2 = -f. Calculate the greatest common divisor of 15 and l.
15
Let m(a) = a**3 - 16*a**2 - 26*a - 16. Let q be m(18). What is the greatest common divisor of q and 41?
41
Let a = -11 - -22. Let p = 2 + -1. What is the greatest common factor of p and a?
1
Let w = 5 + -3. Let l be (-2 + w + -7)*-14. Suppose -4*u + 24 = -32. Calculate the highest common divisor of l and u.
14
Let j = -5 - -8. Suppose 0*s + j*c = s - 2, 5*s - 43 = 4*c. Calculate the highest common factor of s and 110.
11
Suppose 28 = g + 4*h, 57 = g + 3*g + 5*h. Calculate the greatest common factor of 104 and g.
8
Let n = -1 - 3. Let a be (-3 - n) + -3 + 68. What is the greatest common divisor of 6 and a?
6
Let w(s) = 4*s - 2. Let g be w(2). Calculate the greatest common factor of 12 and g.
6
Let y be 3/2*132/9. Let t(q) = -2*q**3 + q**2 + 2*q + 33. Let f be t(0). Calculate the greatest common divisor of f and y.
11
Let r(j) = -j**3 - 8*j**2 + 8*j + 6. Let m be r(-10). What is the highest common factor of 14 and m?
14
Let o(f) = -f**2 - 12*f - 22. Let u be o(-9). What is the highest common factor of 30 and u?
5
Suppose 2*q - 53 = -5*r, -q + 17 = r + q. What is the highest common divisor of 21 and r?
3
Suppose 2*t + t + 105 = 0. Let y = -22 - t. Calculate the greatest common divisor of y and 13.
13
Let s be 8/28 - 1542/7. Let y be (-1)/3 - s/30. Suppose 4*t + 23 = -5*r + 270, 5*t - 313 = -2*r. Calculate the highest common factor of t and y.
7
Let l = -11 + 15. Suppose 5*c = -0*c - l*q + 75, 5*q - 25 = 0. Calculate the greatest common divisor of 44 and c.
11
Let r(l) = l**2 - l + 3. Let h be r(4). What is the highest common factor of 45 and h?
15
Let p = 122 - 62. Calculate the greatest common divisor of 12 and p.
12
Let w = 72 - 47. Let g(m) be the second derivative of m**5/20 + m**4/3 - m**3 + 3*m. Let u be g(-5). Calculate the highest common factor of u and w.
5
Let y(v) = -52*v + 1. Let m be y(-2). Suppose -4*i + 39 = -m. Calculate the greatest common factor of i and 18.
18
Suppose -7*c = -5*t - 2*c + 45, 0 = -5*t + c + 45. Let v be -2*1*37/(-2). Suppose 3*b + v = 118. Calculate the highest common factor of t and b.
9
Let c(u) = 13*u**2 + 6*u - 4. Let w be c(-4). Calculate the highest common divisor of w and 45.
45
Let k = 20 + -7. What is the highest common divisor of k and 52?
13
Let l be -2 + 1 + (4 - 1). Suppose 2*u + l*u = 12. Suppose 5*k - 20 = u*k - f, -8 = -2*f. Calculate the highest common factor of 64 and k.
8
Let n(q) = 2*q**2 + 7*q + 36. Let a be n(-9). Let k(s) = -s**3 + 5*s**2 + 4*s - 5. Let f be k(5). Calculate the highest common factor of f and a.
15
Let z(y) = 3*y - 22. Let v be z(10). What is the greatest common factor of 40 and v?
8
Suppose -r = -0*r + 4*c - 133, -3*r + 363 = 3*c. What is the highest common factor of r and 13?
13
Let i(h) = 4*h**2 + 1. Let x be i(1). Let l(f) = f**3 - 4*f**2 - 5*f + 7. Let z be l(x). Calculate the highest common factor of 21 and z.
7
Let p = 70 + -54. Calculate the greatest common factor of p and 24.
8
Let r be -3 + 79 + (-3 - 1). Suppose -4*l = -0*l - 4. Suppose -l = h - 13. Calculate the greatest common divisor of r and h.
12
Let i(w) = 5*w**2 + 3*w - 2. Let d be i(4). What is the highest common divisor of d and 18?
18
Let o = 35 - 27. What is the greatest common divisor of o and 2?
2
Let m(y) = y**2. Let z be m(6). Suppose -5*a = -3*a - 24. Calculate the highest common divisor of a and z.
12
Let u(z) = -z**3 - z**2 + z. Let a be (0 + -1)/1 - 1. Let x be u(a). What is the highest common divisor of 18 and x?
2
Suppose -5*y - 3*i + 43 = 0, -3*y + 4*i + 37 = 3*i. Let k = -300 + 421. What is the greatest common divisor of k and y?
11
Let n = -48 - -55. Calculate the greatest common divisor of n and 14.
7
Suppose 3*r = 2 - 8. Let p = -71 + 27. Let f be -2 + (r - p/1). Calculate the highest common factor of 4 and f.
4
Let f be (-2)/(-7) + (-108)/(-14). Let q be 7/3 + 2/3. Suppose 5 = 2*m - q. What is the highest common factor of m and f?
4
Suppose -2*x = -x - 3. Suppose 4*y = -2*q + 30, y = -x*q - 2*q + 84. Calculate the greatest common divisor of q and 153.
17
Let i = -12 + 22. Let b be 9/4 + (-2)/8. Let n = b - -2. What is the greatest common factor of i and n?
2
Let y = -1 - -7. Let f(b) be the first derivative of b**4/4 + 2*b**3 + b**2 + 6*b + 5. Let o be f(-4). What is the greatest common divisor of o and y?
6
Let h be ((-32)/(-2) + 4)/2. Let z = 59 + -29. Calculate the greatest common factor of h and z.
10
Suppos